{"id":467,"date":"2023-02-03T19:11:09","date_gmt":"2023-02-03T18:11:09","guid":{"rendered":"https:\/\/gechter.org\/blog\/?page_id=467"},"modified":"2023-02-03T19:24:09","modified_gmt":"2023-02-03T18:24:09","slug":"tarifs","status":"publish","type":"page","link":"https:\/\/gechter.org\/blog\/?page_id=467","title":{"rendered":"TARIFS"},"content":{"rendered":"\n<p>Cette page r\u00e9sume le bar\u00e8me tarifaire que j&rsquo;applique. Il est calqu\u00e9 sur le tarif de la Charte des auteurs 2023. Ce bar\u00e8me est bien s\u00fbr n\u00e9gociables en fonction de votre projet, auquel cas, c&rsquo;est le devis qui fera foi. <a href=\"mailto:olivier@gechter.org\">N&rsquo;h\u00e9sitez pas \u00e0 me contacter pour en savoir plus.<\/a><\/p>\n\n\n\n<hr class=\"wp-block-separator has-alpha-channel-opacity\"\/>\n\n\n\n<h2 class=\"wp-block-heading\">Tarifs pour un atelier<\/h2>\n\n\n\n<p>Je me base sur le tarif \u00ab\u00a0rencontres\u00a0\u00bb de la Charte. Attention, si vous avez besoin d&rsquo;un atelier tr\u00e8s sp\u00e9cifique, le nombre d&rsquo;heures de pr\u00e9paration ou de travail de correction peut-\u00eatre ajout\u00e9s.<\/p>\n\n\n\n<p><strong>475,33 \u20ac bruts HT<\/strong> (TVA 20%) la journ\u00e9e.<br><strong>286,76 \u20ac bruts HT<\/strong> (TVA 20%) la demi journ\u00e9e. Toute demi journ\u00e9e commenc\u00e9e est due.<\/p>\n\n\n\n<p>S&rsquo;ajoutent 1,1% de contribution diffuseur (voir explications plus bas).<\/p>\n\n\n\n<h2 class=\"wp-block-heading\">Tarifs d\u00e9bats, rencontres<\/h2>\n\n\n\n<p>Le bar\u00e8me est le m\u00eame que pour les ateliers.<\/p>\n\n\n\n<p><strong>475,33 \u20ac bruts HT<\/strong> (TVA 20%) la journ\u00e9e.<br><strong>286,76 \u20ac bruts HT<\/strong> (TVA 20%) la demi journ\u00e9e. Toute demi journ\u00e9e commenc\u00e9e est due.<\/p>\n\n\n\n<p>S&rsquo;ajoutent 1,1% de contribution diffuseur (voir explications plus bas).<\/p>\n\n\n\n<p>Ce tarif inclus les pr\u00e9parations qui pourraient \u00eatre n\u00e9cessaires, sauf exceptions.<\/p>\n\n\n\n<h2 class=\"wp-block-heading\">Tarifs pour une signature<\/h2>\n\n\n\n<p>Pour des s\u00e9ances de d\u00e9dicaces, le tarif est de <strong>237,67 \u20ac bruts HT la journ\u00e9e et 143,39 \u20ac bruts HT la demi-journ\u00e9e<\/strong>. La s\u00e9ance est gratuite si elle s&rsquo;inscrit dans le cadre d&rsquo;une rencontre ou un atelier.<\/p>\n\n\n\n<h2 class=\"wp-block-heading\">Frais, taxe et autres joyeuset\u00e9s<\/h2>\n\n\n\n<h5 class=\"wp-block-heading\">TVA<\/h5>\n\n\n\n<ul class=\"wp-block-list\">\n<li>5,5 % sur les ventes d\u2019\u0153uvres<\/li>\n\n\n\n<li>10 % sur les droits d\u2019auteur<\/li>\n\n\n\n<li>10% sur les lectures publiques assorties d\u2019une pr\u00e9sentation orale des \u0153uvres, les signatures et les lectures performances<\/li>\n\n\n\n<li>20 % sur les ateliers d\u2019\u00e9criture, les tables rondes et les d\u00e9bats<\/li>\n<\/ul>\n\n\n\n<h5 class=\"wp-block-heading\">Frais de transports, d&rsquo;h\u00e9bergement<\/h5>\n\n\n\n<p>Remboursement sur pr\u00e9sentation des notes de frais. <br>Les frais de transport sont offerts en r\u00e9gion parisienne.<\/p>\n\n\n\n<h5 class=\"wp-block-heading\">Qu&rsquo;est ce que la contribution diffuseur ?<\/h5>\n\n\n\n<p>Un diffuseur, c\u2019est une personne physique ou morale qui verse une r\u00e9mun\u00e9ration \u00e0 un artiste-auteur, \u00e0 ses ayants droits ou \u00e0 une soci\u00e9t\u00e9 de gestion des droits d\u2019auteurs. Ainsi les entreprises, les organismes d\u2019Etat, les collectivit\u00e9s publiques, les associations, ou encore des professions lib\u00e9rales\u2026 sont consid\u00e9r\u00e9s comme des diffuseurs et doivent s\u2019acquitter de la contribution diffuseurs&nbsp;lorsqu\u2019ils :<\/p>\n\n\n\n<ul class=\"has-nv-light-bg-background-color has-background wp-block-list\">\n<li>commandent une \u0153uvre (ex : logo, support de communication, tableaux, photos, sculptures utilis\u00e9s pour la d\u00e9coration d\u2019un restaurant ou d\u2019un cabinet m\u00e9dical) ;<\/li>\n\n\n\n<li>ach\u00e8tent une \u0153uvre ;<\/li>\n\n\n\n<li>versent \u00e0 l\u2019artiste (ou \u00e0 son ayant droit) un droit d\u2019auteur en contrepartie du droit de reproduction de l\u2019\u0153uvre originale.<\/li>\n<\/ul>\n\n\n\n<p>C&rsquo;est dans ce troisi\u00e8me cas qu&rsquo;entre les ateliers d&rsquo;\u00e9criture. En contre partie, je ne pourrais r\u00e9clamer aucun droit sur ce qui sera produit par moi durant ces ateliers, ou pour toute oeuvre sur laquelle j&rsquo;aurais pu apporter une contribution. <\/p>\n","protected":false},"excerpt":{"rendered":"<p>Cette page r\u00e9sume le bar\u00e8me tarifaire que j&rsquo;applique. Il est calqu\u00e9 sur le tarif de la Charte des auteurs 2023. Ce bar\u00e8me est bien s\u00fbr n\u00e9gociables en fonction de votre projet, auquel cas, c&rsquo;est le devis qui fera foi. N&rsquo;h\u00e9sitez pas \u00e0 me contacter pour en savoir plus. Tarifs pour un atelier Je me base&hellip;&nbsp;<a href=\"https:\/\/gechter.org\/blog\/?page_id=467\" class=\"\" rel=\"bookmark\">Lire la suite &raquo;<span class=\"screen-reader-text\">TARIFS<\/span><\/a><\/p>\n","protected":false},"author":1,"featured_media":471,"parent":0,"menu_order":0,"comment_status":"closed","ping_status":"closed","template":"","meta":{"neve_meta_sidebar":"","neve_meta_container":"","neve_meta_enable_content_width":"","neve_meta_content_width":0,"neve_meta_title_alignment":"","neve_meta_author_avatar":"","neve_post_elements_order":"","neve_meta_disable_header":"","neve_meta_disable_footer":"","neve_meta_disable_title":"","jetpack_post_was_ever_published":false,"footnotes":""},"class_list":["post-467","page","type-page","status-publish","has-post-thumbnail","hentry"],"jetpack_sharing_enabled":true,"_links":{"self":[{"href":"https:\/\/gechter.org\/blog\/index.php?rest_route=\/wp\/v2\/pages\/467","targetHints":{"allow":["GET"]}}],"collection":[{"href":"https:\/\/gechter.org\/blog\/index.php?rest_route=\/wp\/v2\/pages"}],"about":[{"href":"https:\/\/gechter.org\/blog\/index.php?rest_route=\/wp\/v2\/types\/page"}],"author":[{"embeddable":true,"href":"https:\/\/gechter.org\/blog\/index.php?rest_route=\/wp\/v2\/users\/1"}],"replies":[{"embeddable":true,"href":"https:\/\/gechter.org\/blog\/index.php?rest_route=%2Fwp%2Fv2%2Fcomments&post=467"}],"version-history":[{"count":5,"href":"https:\/\/gechter.org\/blog\/index.php?rest_route=\/wp\/v2\/pages\/467\/revisions"}],"predecessor-version":[{"id":476,"href":"https:\/\/gechter.org\/blog\/index.php?rest_route=\/wp\/v2\/pages\/467\/revisions\/476"}],"wp:featuredmedia":[{"embeddable":true,"href":"https:\/\/gechter.org\/blog\/index.php?rest_route=\/wp\/v2\/media\/471"}],"wp:attachment":[{"href":"https:\/\/gechter.org\/blog\/index.php?rest_route=%2Fwp%2Fv2%2Fmedia&parent=467"}],"curies":[{"name":"wp","href":"https:\/\/api.w.org\/{rel}","templated":true}]}}

<p>Cette page résume le barème tarifaire que j&rsquo;applique. Il est calqué sur le tarif de la Charte des auteurs 2023. Ce barème est bien sûr négociables en fonction de votre projet, auquel cas, c&rsquo;est le devis qui fera foi. <a href="mailto:olivier@gechter.org">N&rsquo;hésitez pas à me contacter pour en savoir plus.</a></p>



<hr class="wp-block-separator has-alpha-channel-opacity"/>



<h2 class="wp-block-heading">Tarifs pour un atelier</h2>



<p>Je me base sur le tarif « rencontres » de la Charte. Attention, si vous avez besoin d&rsquo;un atelier très spécifique, le nombre d&rsquo;heures de préparation ou de travail de correction peut-être ajoutés.</p>



<p><strong>475,33 € bruts HT</strong> (TVA 20%) la journée.<br><strong>286,76 € bruts HT</strong> (TVA 20%) la demi journée. Toute demi journée commencée est due.</p>



<p>S&rsquo;ajoutent 1,1% de contribution diffuseur (voir explications plus bas).</p>



<h2 class="wp-block-heading">Tarifs débats, rencontres</h2>



<p>Le barème est le même que pour les ateliers.</p>



<p><strong>475,33 € bruts HT</strong> (TVA 20%) la journée.<br><strong>286,76 € bruts HT</strong> (TVA 20%) la demi journée. Toute demi journée commencée est due.</p>



<p>S&rsquo;ajoutent 1,1% de contribution diffuseur (voir explications plus bas).</p>



<p>Ce tarif inclus les préparations qui pourraient être nécessaires, sauf exceptions.</p>



<h2 class="wp-block-heading">Tarifs pour une signature</h2>



<p>Pour des séances de dédicaces, le tarif est de <strong>237,67 € bruts HT la journée et 143,39 € bruts HT la demi-journée</strong>. La séance est gratuite si elle s&rsquo;inscrit dans le cadre d&rsquo;une rencontre ou un atelier.</p>



<h2 class="wp-block-heading">Frais, taxe et autres joyeusetés</h2>



<h5 class="wp-block-heading">TVA</h5>



<ul class="wp-block-list">
<li>5,5 % sur les ventes d’œuvres</li>



<li>10 % sur les droits d’auteur</li>



<li>10% sur les lectures publiques assorties d’une présentation orale des œuvres, les signatures et les lectures performances</li>



<li>20 % sur les ateliers d’écriture, les tables rondes et les débats</li>
</ul>



<h5 class="wp-block-heading">Frais de transports, d&rsquo;hébergement</h5>



<p>Remboursement sur présentation des notes de frais. <br>Les frais de transport sont offerts en région parisienne.</p>



<h5 class="wp-block-heading">Qu&rsquo;est ce que la contribution diffuseur ?</h5>



<p>Un diffuseur, c’est une personne physique ou morale qui verse une rémunération à un artiste-auteur, à ses ayants droits ou à une société de gestion des droits d’auteurs. Ainsi les entreprises, les organismes d’Etat, les collectivités publiques, les associations, ou encore des professions libérales… sont considérés comme des diffuseurs et doivent s’acquitter de la contribution diffuseurs&nbsp;lorsqu’ils :</p>



<ul class="has-nv-light-bg-background-color has-background wp-block-list">
<li>commandent une œuvre (ex : logo, support de communication, tableaux, photos, sculptures utilisés pour la décoration d’un restaurant ou d’un cabinet médical) ;</li>



<li>achètent une œuvre ;</li>



<li>versent à l’artiste (ou à son ayant droit) un droit d’auteur en contrepartie du droit de reproduction de l’œuvre originale.</li>
</ul>



<p>C&rsquo;est dans ce troisième cas qu&rsquo;entre les ateliers d&rsquo;écriture. En contre partie, je ne pourrais réclamer aucun droit sur ce qui sera produit par moi durant ces ateliers, ou pour toute oeuvre sur laquelle j&rsquo;aurais pu apporter une contribution. </p>

<p>Cette page résume le barème tarifaire que j&rsquo;applique. Il est calqué sur le tarif de la Charte des auteurs 2023. Ce barème est bien sûr négociables en fonction de votre projet, auquel cas, c&rsquo;est le devis qui fera foi. N&rsquo;hésitez pas à me contacter pour en savoir plus. Tarifs pour un atelier Je me base&hellip;&nbsp;<a href="https://gechter.org/blog/?page_id=467" class="" rel="bookmark">Lire la suite &raquo;<span class="screen-reader-text">TARIFS</span></a></p>
